 + 7. Let x(y) = -3*y**3 + 14*y**2 - 18*y - 5. Let w(d) = -5*a(d) - 8*x(d). What is w(-4)?
1
Let a(q) = 9*q**2 + 0*q**2 - 6*q**2 + 2 - 2*q. Let c(d) = -d**2 - 5*d + 16. Let j be c(-7). Calculate a(j).
10
Let x(v) = 0*v - 8*v + 2*v - 2*v + v**2 + 9. Suppose 0*k = 2*k. Suppose 4*w + 0*w - 24 = k. Determine x(w).
-3
Let n = 55 + -58. Let d be n/5 - (-56)/10. Let z(f) = -f**3 + 5*f**2 - 2*f + 2. What is z(d)?
-8
Let a(y) = 1 + 1 + 2*y + 4*y. Suppose 5*u - 474 = -u. Let d = u - 82. Calculate a(d).
-16
Suppose 7 = 2*p - 6*p - 5*w, 4*p + 2*w = 2. Suppose 5*f = -b - 11, -b = 4*b - f - 23. Let x(t) = -3*t + 6*t + t - b*t**2 - 2*t. What is x(p)?
-12
Let y(b) = 12*b**2 + 1. Let q be y(1). Let f = q + -9. Let w(n) = -f*n - 10*n**2 + 9*n**2 - 6 + 5. What is w(-3)?
2
Let o(j) = -j**2 + 15*j + 2. Let m(a) = -4*a - 5. Let r be m(-5). Let i be o(r). Let u(t) = 5*t**i - t**2 + 2*t**2 + 0*t**2 - 1. Determine u(-1).
5
Let g(j) = -j**2 - 9*j + 13. Let f(q) = 89*q - 544. Let y be f(6). Determine g(y).
3
Let i(o) = 14*o**2 + 18*o + 12. Let x(a) = -5*a**2 - 6*a - 4. Let n(z) = -4*i(z) - 11*x(z). Let u be n(-4). Let y(f) = 4*f - u*f + 2*f. Give y(3).
6
Let p(s) = s - 4. Let d(u) be the third derivative of -u**4/8 + 11*u**3/6 + 3*u**2. Let o(l) = -4*d(l) - 11*p(l). Give o(-6).
-6
Let g be 2/(-4)*(3 + -394 + -3). Let a(u) = -1 - 198*u**3 - g*u**3 + 396*u**3 - 9*u**2 - u. What is a(9)?
-10
Let s(x) = x**3 - 2*x + 4. Let l(j) = 2*j**2 + 13*j - 21. Let m be l(-8). What is s(m)?
25
Let s(b) = b + 14. Let w be s(-8). Let n(d) = -2*d + 11. Determine n(w).
-1
Let n(a) = -8 + 79*a - 244*a + 80*a + 86*a. Calculate n(-11).
-19
Let y(u) = -u**2 - 4*u + 4. Let l be ((-3)/12 - (-12)/(-16)) + 1. Suppose -4*j + 5*j - 3 = l. Give y(j).
-17
Let j be (-10)/8*156/(-65). Let u(y) be the first derivative of -y**2 + 1/4*y**4 - 3*y + 1/3*y**j - 11. Calculate u(-2).
-3
Suppose -2*w - 20 = -7*w, -3*r + 1 = -2*w. Let a(u) = -r - 2 + 7*u + 7. What is a(-2)?
-12
Let f(l) = l**3 - 40*l**2 + 37*l + 60. Let x be f(39). Let n(u) = -u**2 - 15*u + 49. Calculate n(x).
-5
Let m(n) = n**3 - 4*n**2 + 3*n - 2. Let v be m(3). Let t be 1/((-5)/(13 - v)). Let f(a) = -a**2 - a - 1. Give f(t).
-7
Let q(w) = -29*w**3 - 1. Let c(a) = a**3 - 7*a**2 - 78*a + 1. Let f be c(13). Determine q(f).
-30
Let a(o) be the first derivative of o**3/3 - o**2 - 72. What is a(4)?
8
Let w(j) = -4 + 270*j**3 + 7*j**2 - 540*j**3 - j - j + 269*j**3. Determine w(6).
20
Let o(w) = w**3 - 6*w + 3. Suppose -4*s - p - 2*p - 4 = 0, -5*s = 4*p + 6. Let x be o(s). Let i(q) = 2*q**2 - q - 6 - 9*q**2 + 5. What is i(x)?
-7
Let j = -1405 - -1399. Let k(o) be the first derivative of o**3/3 + 4*o**2 + 4*o - 2. What is k(j)?
-8
Let v(q) = -3*q**3 + 18*q**2 - 24*q + 7. Let r(k) = k**3 - 6*k**2 + 7*k - 2. Let p(h) = 7*r(h) + 2*v(h). Let t be (-4)/6*9/(-1). Give p(t).
6
Let f(n) be the third derivative of -n**5/120 + n**4/6 - 17*n**3/6 + 30*n**2. Let s(h) be the first derivative of f(h). What is s(2)?
2
Let h(c) = 15*c - 6. Let o(n) = 17*n - 3. Let i(x) = -8*h(x) + 7*o(x). Give i(15).
12
Let w(j) = j**3 + j**2 + 18. Let i be w(0). Suppose 4*g - 2*q = -82, -i - 2 = -4*q. Let u = -16 - g. Let n(y) = y**3 + y - 2. What is n(u)?
8
Let c(s) be the third derivative of -s**7/840 + 7*s**6/360 - s**5/15 + 5*s**4/24 - 4*s**3/3 - 21*s**2. Let y(h) be the first derivative of c(h). What is y(6)?
-7
Let q(s) = 2*s + 8 - 44 + 5 + 9 + 13. Give q(6).
3
Suppose 0 = -3*f - f - 4. Let l(k) be the second derivative of -k**5/6 + k**4/24 + 7*k**2/2 - 2*k. Let a(g) be the first derivative of l(g). Calculate a(f).
-11
Let c(a) be the third derivative of 2*a**4/3 + a**3/6 + 198*a**2. What is c(-1)?
-15
Let o(j) = j + 4. Let d = -1380 + 1376. What is o(d)?
0
Let k(l) be the second derivative of l**4/12 - 3*l**3/2 + l**2/2 - l. Let x = -3497 - -3506. Calculate k(x).
1
Let h(s) = 4*s**2 + 7*s + 4. Let y(q) = -q**2 - 1. Let d(l) = -2*l**2 + 9*l + 15. Let i be d(6). Let r(b) = i*y(b) - h(b). Calculate r(-6).
5
Let w(c) = 6*c - 1. Let n(a) be the third derivative of -13*a**4/24 + a**3/6 + 2*a**2. Let q(f) = 4*n(f) + 9*w(f). Suppose 626 = -64*r - 16*r + 146. Give q(r).
-17
Let k(a) = -2*a**2 - 1 + 4*a - 3 + a + 0. Let u(d) = d**2 + 14*d + 44. Let j be u(-10). Determine k(j).
-16
Let m be -1 - (-1 + 6*-1). Let j(w) = -w**3 - 1. Let a(q) = -3*q**3 - 7*q**2 + 3*q - 10. Let y(r) = a(r) - 4*j(r). Calculate y(m).
-24
Suppose -5*j = -40 + 75. Let a(k) = k - 1 + 15 - 2. Give a(j).
5
Let g(f) = -591*f - 595*f - 1 + 2 - f**2 + 1185*f. Calculate g(-2).
-1
Suppose 0*y + 2*y = -5*a - 30, -a + 6 = -2*y. Let w(k) = -22 + 6*k + 18 + 9 - 4*k**2 - k**3. Determine w(y).
0
Let q(a) = a**3 - 5*a**2 - 11*a + 9. Let g = 1028 - 1021. What is q(g)?
30
Let m(p) = 2*p + 27. Let t be m(-14). Let c(l) = 6*l**3 + 4*l + 3. Let k(u) = -25*u**3 + u**2 - 17*u - 13. Let h(b) = 9*c(b) + 2*k(b). Determine h(t).
-3
Let y(c) = 3*c + 3. Let v = -142 - -136. Let g(l) = -3*l - 2. Let i(m) = v*g(m) - 4*y(m). Determine i(2).
12
Let o(b) be the first derivative of b**4/4 + 2*b**3/3 - b**2 - 2*b + 1. Let d(w) = -w**2 - 4*w - 6. Let s be (18/(-4) + 3)*2. Let r be d(s). Calculate o(r).
-5
Suppose 0 = -3*q - i + 2*i + 4, -3*i + 18 = q. Let g(w) = 95*w**2 - 3 + 9*w + w**q - 3 + 96*w**2 - 201*w**2. What is g(9)?
-6
Let j(o) = -o**2 + 6*o. Let m be -1 + (-9)/(9/2). Let k = 4 - m. Calculate j(k).
-7
Let a(w) = w + 6. Suppose 4 = 3*q - 2. Suppose -v + 15 = -2*b, -2*b - q*b = 4*v + 12. What is a(b)?
0
Let g(f) = f**2 - 2*f + 0 - 3 + f. Suppose 5*i + 0*i - 6 = -h, 0 = 2*i + h. Suppose 5*s - 4*o = 6*s - 19, 26 = i*s + 5*o. What is g(s)?
3
Let u(y) = -y**3 + 4*y**2 - 2*y + 4. Let o(m) = 6*m. Let t be o(1). Suppose -12 = -t*d + 3*d. What is u(d)?
-4
Let h = 1 - -2. Let g(a) = 0 - 5*a - h + 16*a - 12*a. What is g(-4)?
1
Let d(v) be the first derivative of -v**3/6 + 7*v**2 + 4*v - 6. Let f(j) be the first derivative of d(j). What is f(8)?
6
Let n(z) = z**2 - 7*z - 2. Let p be n(7). Let o(c) = 1 + 7*c + 2 - c - 4*c - 1. Give o(p).
-2
Suppose -2*i = -5*i - 9. Let t(q) be the second derivative of 2*q**3/3 - 3*q**2/2 + 1842*q. Determine t(i).
-15
Let x be (-46)/(-5) + 4*(-7)/140. Let r = x + -12. Let f(p) = 2*p**2 + 2*p - 4. What is f(r)?
8
Let t(p) = p**3 + 5*p**2 + 2*p + 2. Let h(z) = -z**3 - 12*z**2 + 12*z - 6. Let k be h(-13). Let f = k - 9. What is t(f)?
10
Let n(r) = r + 5. Let b(q) = 5*q**2 + 3*q - 7. Let h be b(-3). Suppose -25*k = -h*k. Calculate n(k).
5
Let i(d) be the third derivative of -1/12*d**4 + 0*d + 2*d**2 + 0 + 1/30*d**5 + 1/6*d**3. Determine i(2).
5
Let a(k) = -3*k**2 + 2*k**2 - 2*k + 2*k + 2*k - 10 + 3. Give a(3).
-10
Let q(n) = -n**3 + 3*n**2 + 8*n + 4. Suppose 5*f = 4*v - 20, 3*v + 3*f - 19 = -4. Give q(v).
-6
Let q(y) = -13 + 5*y + 50 - 14 - 11 - 8. Determine q(-3).
-11
Let t(u) = 7*u**3 - 2*u**2 - 3*u - 2. Let z = 32 - 29. Let f(b) = b**3 - b - 1. Let m(p) = z*f(p) - t(p). What is m(1)?
-3
Let l = -97 - -112. Suppose 0 = -3*v - 3*c + l, 4*v + 5*c - 28 = -4. Let f(k) = 4*k**2 + k. Calculate f(v).
5
Let g(x) = -2*x. Suppose -7*p = -2*p - 600. Let n = 122 - p. Calculate g(n).
-4
Let r(j) = -7*j**2 + j. Let y be ((-2)/(-3))/((-22)/(-33)). Let k be ((-51)/17)/(-1*y). Let s(h) = -h**3 + 3*h**2 - 1. Let v be s(k). Give r(v).
-8
Let q(c) be the third derivative of c**5/60 + c**4/3 - c**3/6 + 129*c**2. Calculate q(-8).
-1
Let l(t) = -4*t - 1. Let z be l(4). Let j be 742/(-238) - 2/z. Let c(d) = d**3 + 4*d**2 + 2*d + 1. Determine c(j).
4
Suppose -3*c = 4*a - 8, 2*c + 3 = -a + 5. Suppose -z - 4 + 15 = c. Suppose -z*p + 15*p - 4 = 0. Let o(d) = 16*d - 1. Determine o(p).
15
Let r = 238 - 246. Let k(v) = -v**3 - 9*v**2 - 7*v + 8. Determine k(r).
0
Let p be 2/(-2) - -15 - 4. Let a(s) = s - 15 + p + 0*s + s. Determine a(6).
7
Let a(f) = -f - 9. Let l(j) = -j**2 + 4*j + 2. Let x be l(4). Let r be 4*x/(-2)*1. Give a(r).
-5
Let i be (0 + -1 - 0)*0. Let n(f) = 3*f + 9. Let a(j) = 10*j + 26. Suppose -4*z + 6 = 5*u, 5*u = z - 8 - 6. Let x(b) = u*a(b) + 7*n(b). Give x(i).
11
Suppose -18*a - 13*a + 341 = 0. Let n(u) = 4*u - 11. Determine n(a).
33
Let p(t) = 5*t + 3. Let u(z) be the second derivative of -z**4/12 - 7*z**3/3 - 5*z**2 + 3*z + 4. Let h(w) = 7*p(w) + 2*u(w). Determine h(5).
-14
Let p(k) = 17*k**3 + 18*k**2 - 19*k - 4. Let f(w) = -15